{"id":640,"date":"2026-02-20T15:58:29","date_gmt":"2026-02-20T14:58:29","guid":{"rendered":"https:\/\/www.fobistra.de\/?page_id=640"},"modified":"2026-03-03T14:40:07","modified_gmt":"2026-03-03T13:40:07","slug":"kurs-5-inhouse-seminare","status":"publish","type":"page","link":"https:\/\/www.fobistra.de\/?page_id=640","title":{"rendered":"Kurs 5 Inhouse-Seminare"},"content":{"rendered":"\n<p>Sie m\u00f6chten Ihre personellen Ressourcen f\u00fcr Fortbildungen b\u00fcndeln und suchen individuelle Kurse, die zu Ihrer organisatorischen und zeitlichen Situation passen?<\/p>\n\n\n\n<p>Dann kann ein Inhouse-Seminar f\u00fcr Sie eine L\u00f6sung sein.<\/p>\n\n\n\n<p>Ab einer Zahl von 10 Personen kommen wir in Ihre Einrichtung und schulen in gewohntem Umfeld.<\/p>\n\n\n\n<p>Es sind alle Aktualisierungs-Kurse buchbar.<\/p>\n\n\n\n<p>Termine und Preise auf Anfrage unter fobistra@gmx.de.<\/p>\n\n\n\n<p>Bitte kommen Sie gerne auf uns zu, um das f\u00fcr Sie passende Konzept zu entwickeln.<\/p>\n\n\n\n<p><\/p>\n","protected":false},"excerpt":{"rendered":"<p>Sie m\u00f6chten Ihre personellen Ressourcen f\u00fcr Fortbildungen b\u00fcndeln und suchen individuelle Kurse, die zu Ihrer organisatorischen und zeitlichen Situation passen? Dann kann ein Inhouse-Seminar f\u00fcr Sie eine L\u00f6sung sein. Ab einer Zahl von 10 Personen kommen wir in Ihre Einrichtung und schulen in gewohntem Umfeld. Es sind alle Aktualisierungs-Kurse buchbar. Termine und Preise auf Anfrage &hellip; <\/p>\n<p class=\"link-more\"><a href=\"https:\/\/www.fobistra.de\/?page_id=640\" class=\"more-link\"><span class=\"screen-reader-text\">&#8222;Kurs 5 Inhouse-Seminare&#8220;<\/span> weiterlesen<\/a><\/p>\n","protected":false},"author":1,"featured_media":0,"parent":0,"menu_order":0,"comment_status":"closed","ping_status":"closed","template":"","meta":{"footnotes":""},"class_list":["post-640","page","type-page","status-publish","hentry"],"_links":{"self":[{"href":"https:\/\/www.fobistra.de\/index.php?rest_route=\/wp\/v2\/pages\/640","targetHints":{"allow":["GET"]}}],"collection":[{"href":"https:\/\/www.fobistra.de\/index.php?rest_route=\/wp\/v2\/pages"}],"about":[{"href":"https:\/\/www.fobistra.de\/index.php?rest_route=\/wp\/v2\/types\/page"}],"author":[{"embeddable":true,"href":"https:\/\/www.fobistra.de\/index.php?rest_route=\/wp\/v2\/users\/1"}],"replies":[{"embeddable":true,"href":"https:\/\/www.fobistra.de\/index.php?rest_route=%2Fwp%2Fv2%2Fcomments&post=640"}],"version-history":[{"count":5,"href":"https:\/\/www.fobistra.de\/index.php?rest_route=\/wp\/v2\/pages\/640\/revisions"}],"predecessor-version":[{"id":647,"href":"https:\/\/www.fobistra.de\/index.php?rest_route=\/wp\/v2\/pages\/640\/revisions\/647"}],"wp:attachment":[{"href":"https:\/\/www.fobistra.de\/index.php?rest_route=%2Fwp%2Fv2%2Fmedia&parent=640"}],"curies":[{"name":"wp","href":"https:\/\/api.w.org\/{rel}","templated":true}]}}